lculate the highest common divisor of 44521114 and 17754.
5918
What is the greatest common factor of 164228460 and 3630?
3630
What is the highest common factor of 31775 and 150400?
25
Calculate the highest common factor of 556250000 and 1250.
1250
Calculate the highest common divisor of 12679 and 51553.
31
What is the greatest common factor of 101926957 and 11?
11
What is the highest common factor of 183 and 4517843?
61
What is the greatest common divisor of 28120 and 51376?
152
Calculate the greatest common factor of 401024 and 7471.
241
What is the greatest common divisor of 22606 and 29591?
127
What is the greatest common factor of 31512910 and 650?
130
What is the greatest common factor of 972 and 106488918?
486
What is the highest common factor of 70590 and 16268280?
5430
What is the greatest common factor of 1764 and 11230506?
882
Calculate the highest common divisor of 1272 and 42564.
12
Calculate the highest common factor of 43900 and 405800.
100
Calculate the highest common factor of 15547 and 10838480.
2221
Calculate the highest common factor of 10990671 and 6.
3
What is the greatest common factor of 286087 and 5329?
73
Calculate the highest common divisor of 360 and 3792000.
120
What is the greatest common factor of 2 and 4075018?
2
What is the greatest common divisor of 205073430 and 106?
106
What is the greatest common factor of 2397 and 3867160?
799
What is the highest common factor of 11404816 and 44144?
1424
What is the greatest common factor of 34359890 and 8445?
2815
What is the greatest common factor of 33 and 135539030?
11
Calculate the greatest common divisor of 5 and 14866405.
5
Calculate the highest common divisor of 35 and 53279625.
35
Calculate the highest common factor of 78652338 and 282.
282
What is the greatest common divisor of 24461 and 54797051?
401
Calculate the greatest common divisor of 1809760 and 2400.
160
Calculate the highest common divisor of 204 and 52299089.
17
What is the highest common divisor of 1005 and 175345968?
201
Calculate the greatest common divisor of 35 and 17463985.
35
What is the greatest common factor of 450 and 17016525?
225
Calculate the highest common factor of 2552 and 5864844.
116
Calculate the highest common factor of 6093 and 2412.
9
Calculate the highest common factor of 609652 and 5536.
692
Calculate the highest common divisor of 507020 and 1786618.
502
What is the greatest common factor of 15277836 and 7?
7
Calculate the greatest common divisor of 120 and 9003570.
30
Calculate the greatest common factor of 4883264 and 3936.
1312
What is the greatest common factor of 453354 and 1977?
3
What is the highest common factor of 366608 and 5896?
88
What is the highest common factor of 21237280 and 11776?
736
Calculate the greatest common divisor of 75241 and 4502107.
1123
What is the highest common factor of 5738842 and 144217?
4973
Calculate the greatest common factor of 32235 and 489615.
105
Calculate the greatest common factor of 5 and 1056205.
5
What is the highest common factor of 312 and 55040648?
104
Calculate the greatest common divisor of 142 and 714004542.
142
What is the highest common factor of 6119638 and 392?
14
Calculate the highest common factor of 51640863 and 259.
37
What is the greatest common divisor of 20540 and 593060?
260
What is the highest common divisor of 652524 and 232?
4
Calculate the highest common divisor of 5967864 and 864.
216
What is the greatest common divisor of 55481757 and 489403?
6893
What is the greatest common factor of 102859551 and 81?
81
Calculate the greatest common divisor of 2411700 and 21860.
20
Calculate the greatest common factor of 79957168 and 327.
109
What is the highest common divisor of 4646 and 255864512?
4646
Calculate the greatest common divisor of 793416 and 156.
156
Calculate the highest common factor of 28860348 and 2937.
33
What is the highest common factor of 203800 and 46040?
40
Calculate the greatest common factor of 21 and 12428199.
21
Calculate the highest common factor of 431 and 673179331.
431
What is the highest common factor of 17679 and 307785?
213
Calculate the greatest common factor of 13414142 and 49784.
98
Calculate the greatest common divisor of 108 and 542873.
1
What is the highest common factor of 136818264 and 1684?
1684
What is the highest common factor of 2856857243 and 5361?
1787
Calculate the highest common divisor of 83025 and 208575.
2025
Calculate the highest common factor of 80476 and 259006.
22
What is the highest common factor of 543920704 and 32?
32
Calculate the highest common factor of 256956 and 17541180.
5244
What is the greatest common divisor of 16425 and 2918745?
45
Calculate the greatest common factor of 666050 and 476.
14
Calculate the greatest common factor of 14792670 and 330.
30
Calculate the highest common divisor of 4325 and 179600.
25
Calculate the highest common divisor of 95075364 and 12.
12
What is the greatest common divisor of 42066123 and 1353?
1353
What is the highest common divisor of 103628 and 11116?
28
Calculate the highest common divisor of 565950 and 22.
22
What is the highest common divisor of 12180132 and 84?
12
What is the greatest common divisor of 1117 and 10541129?
1117
Calculate the highest common factor of 59351199 and 5372.
1343
Calculate the greatest common divisor of 37842441 and 11193.
273
Calculate the highest common factor of 361542510 and 75.
15
What is the greatest common factor of 1500660 and 23310?
630
What is the highest common divisor of 256173 and 104754?
51
What is the highest common factor of 65722 and 38386?
34
Calculate the greatest common divisor of 166014 and 39720654.
7218
Calculate the highest common divisor of 68 and 99766591.
17
What is the greatest common factor of 59200 and 821000?
200
Calculate the greatest common divisor of 1125890 and 370.
10
Calculate the greatest common divisor of 66399091 and 88.
11
Calculate the highest common factor of 244134 and 86858.
274
Calculate the highest common divisor of 1920 and 1908180.
60
Calculate the greatest common factor of 100 and 7949908.
4
Calculate the greatest common factor of 2274818 and 442.
26
Calculate the greatest common divisor of 23483 and 1969509.
1021
Calculate the highest common divisor of 62084043 and 30771.
2367
What is the greatest common factor of 50383836 and 408?
12
What is the greatest common factor of 846885 and 24375?
195
Calculate the greatest common factor of 257664 and 22875.
183
Calculate the highest common divisor of 876432112 and 46.
46
What is the greatest common divisor of 20447460 and 660?
660
What is the greatest common divisor of 3708303 and 3436?
859
Calculate the highest common divisor of 660 and 9168324.
132
What is the highest common factor of 4748850 and 6710?
610
What is the highest common divisor of 689 and 149767241?
689
Calculate the greatest common divisor of 1463 and 19048337.
77
Calculate the highest common factor of 1010 and 80985335.
505
What is the greatest common divisor of 1352537514 and 486?
486
What is the highest common factor of 23757441 and 111?
111
Calculate the highest common factor of 5992 and 240001.
107
Calculate the highest common divisor of 193 and 19815889.
193
Calculate the highest common factor of 45058 and 67314.
26
What is the greatest common factor of 275443329 and 9912?
1239
Calculate the highest common divisor of 9156 and 137844.
84
Calculate the highest common factor of 16602116 and 4.
4
What is the highest common factor of 28 and 2064797?
7
What is the highest common factor of 6174 and 399766500?
6174
Calculate the highest common divisor of 2660576 and 28200.
376
What is the highest common divisor of 52761588 and 99?
33
Calculate the greatest common divisor of 2329 and 27132.
17
Calculate the greatest common factor of 2504 and 21402940.
1252
Calculate the greatest common divisor of 3807564 and 1410.
282
Calculate the greatest common factor of 24365 and 85.
5
What is the highest common divisor of 1027794 and 42?
6
Calculate the highest common factor of 23816878 and 14.
2
What is the greatest common factor of 360 and 1401810?
30
Calculate the highest common factor of 62158950 and 70.
70
What is the greatest common divisor of 43 and 202996464?
43
What is the highest common divisor of 671 and 589303?
11
Calculate the highe